44230140?
20244230130
In base 16, what is -6a + -37a0c6?
-37a130
In base 7, what is -33113003662 - -1?
-33113003661
In base 7, what is -1055523 - 2231?
-1061054
In base 16, what is 3 - -da629?
da62c
In base 7, what is -121 - -12113065?
12112644
In base 8, what is 140027 - -214?
140243
In base 10, what is -1170 + 21825?
20655
In base 5, what is -210414421 - 24?
-210420000
In base 5, what is 110230 - 110412?
-132
In base 11, what is 629 - 134a7?
-12979
In base 10, what is 35 + -11639?
-11604
In base 9, what is -1 - 36176311?
-36176312
In base 12, what is 2358 - -1829?
3b85
In base 13, what is 20164a - 330?
20131a
In base 4, what is -2200 + 23113123?
23110323
In base 10, what is 171424367 - -6?
171424373
In base 11, what is -9 + 194628?
19461a
In base 12, what is 2 - 7397593a?
-73975938
In base 14, what is -82 + 11ac7b?
11abd9
In base 13, what is 41a1 - 3c?
4162
In base 6, what is -3154032025 + 4?
-3154032021
In base 11, what is 2 + -7424681a?
-74246818
In base 11, what is 8791195 - 0?
8791195
In base 8, what is 1505 - -12601?
14306
In base 3, what is -22111121 + 212111212?
120000021
In base 9, what is 1 + 66071824?
66071825
In base 14, what is -1937 - 7db?
-2334
In base 8, what is 2446 + -61412?
-56744
In base 16, what is -a5d9 + 8c5?
-9d14
In base 8, what is 7 - -13260146?
13260155
In base 14, what is -3a38b276 - 4?
-3a38b27a
In base 9, what is 4600038 + -26?
4600012
In base 15, what is -5b7e + 111c7?
a548
In base 11, what is 1853301 - 43?
1853269
In base 5, what is -42410344 - -13?
-42410331
In base 13, what is 4863ba5 - -1?
4863ba6
In base 10, what is 37107 - 773?
36334
In base 15, what is 18b58 + 2a9?
18e12
In base 2, what is -101100110000111101100 + 101?
-101100110000111100111
In base 12, what is 101b921 - -10?
101b931
In base 4, what is -2201333 + 121012?
-2020321
In base 8, what is 2201 + -141306?
-137105
In base 14, what is 144 - -20ab?
2211
In base 8, what is 1 - 23121413?
-23121412
In base 10, what is -16263086 + -16?
-16263102
In base 2, what is -1011111 + -110111001111110111?
-110111010001010110
In base 13, what is -1 + a310091?
a310090
In base 15, what is 203a00 + -3e?
2039b1
In base 16, what is -2 - 202dfc7?
-202dfc9
In base 7, what is -342 + 135245204?
135244532
In base 14, what is 135aa1 - 3?
135a9c
In base 5, what is -1 - -1042400044041?
1042400044040
In base 10, what is 4 - -49316?
49320
In base 8, what is 4 + 53241746?
53241752
In base 13, what is 345a48 + 1b7?
345c32
In base 6, what is 554522322 + -31?
554522251
In base 4, what is -32111 + 21100103?
21001332
In base 5, what is -14 + 2300314142?
2300314123
In base 8, what is 1145 + -560133?
-556766
In base 10, what is 1006 + 4357?
5363
In base 8, what is -16 + -3511760?
-3511776
In base 5, what is 1131 - -21443030?
21444211
In base 12, what is 6700ab7 - 2?
6700ab5
In base 11, what is -2 - 3715a929?
-3715a930
In base 16, what is -16a15 + 58?
-169bd
In base 8, what is 2514 - 45466?
-42752
In base 6, what is 32 - -5525304?
5525340
In base 8, what is 14443 - 1504?
12737
In base 7, what is 252 - 26622?
-26340
In base 2, what is 10101010000 + 111000000100000?
111010101110000
In base 15, what is -3022c + -29?
-30256
In base 14, what is -12 - -a713?
a701
In base 5, what is 1433 + 1103034?
1110022
In base 11, what is -15 + -509074?
-509089
In base 8, what is -11 - 14651506?
-14651517
In base 2, what is 1000 - 100100000010110110110111?
-100100000010110110101111
In base 6, what is 111055 - -11?
111110
In base 10, what is 3 - -6100748?
6100751
In base 16, what is 0 + -664283?
-664283
In base 15, what is -402 + 168b?
1289
In base 15, what is -15e97e - -5?
-15e979
In base 8, what is -22 + -10053615?
-10053637
In base 10, what is -1289 + -1692?
-2981
In base 6, what is 210513052 - 1253?
210511355
In base 12, what is -158867 - a5?
-158950
In base 11, what is -376156282 + -1?
-376156283
In base 8, what is -33 - -5514532?
5514477
In base 15, what is -b5d + -d3d?
-199b
In base 14, what is -1b541 + -1b4b?
-1d28c
In base 2, what is 110101010110010111010100 + -1?
110101010110010111010011
In base 9, what is -3 + -104088688?
-104088702
In base 5, what is -1124 - -4023431?
4022302
In base 15, what is b23c652 - -2?
b23c654
In base 13, what is -55a3 + -986?
-6259
In base 6, what is 10411 + -5055?
1312
In base 10, what is 504000 + 10?
504010
In base 6, what is -4352451 + 10?
-4352441
In base 2, what is -101 + -1111000111110110000001?
-1111000111110110000110
In base 16, what is 158 + 1d43?
1e9b
In base 12, what is -5 - 92bb50?
-92bb55
In base 14, what is 21a8 + -5978?
-37b0
In base 9, what is -2 - 66788427?
-66788430
In base 10, what is -1 + -46715?
-46716
In base 13, what is -b0 - -1849c2?
184912
In base 11, what is 4329 - -2008?
6336
In base 4, what is -13110 - -12102120?
12023010
In base 7, what is -125124066 - -134?
-125123632
In base 6, what is -2125215325 + -14?
-2125215343
In base 9, what is -27 + -472615?
-472643
In base 3, what is 11212201220101 - 11?
11212201220020
In base 5, what is 2310141 - 432?
2304204
In base 6, what is -4512553 + -10031?
-4523024
In base 11, what is -1a + 387238?
387219
In base 13, what is -39662 - -69?
-395c6
In base 5, what is 133101143 - -2121?
133103314
In base 9, what is 53166 + -24627?
27438
In base 2, what is 100101011110100 + 1000111111?
100110100110011
In base 13, what is 381 - -6bc?
a70
In base 4, what is 12 - 2302210003?
-2302203331
In base 12, what is 3113a - -770?
318aa
In base 15, what is 48c217 + -78?
48c18e
In base 11, what is 11679 - -89?
11757
In base 2, what is 100101011011011000100110000 - -101?
100101011011011000100110101
In base 3, what is -2000202202100021 - 1?
-2000202202100022
In base 14, what is -1d6 + abb3?
a9bb
In base 11, what is 7 + 170939?
170945
In base 13, what is 65b9558 + 2?
65b955a
In base 13, what is 1a7b - -a8c8?
c676
In base 10, what is -83 + 205392?
205309
In base 10, what is -10 + -41764088?
-41764098
In base 10, what is -36010 - 273?
-36283
In base 8, what is 434152513 + -2?
434152511
In base 8, what is -27 + 14154713?
14154664
In base 9, what is 1805 - 2562?
-656
In base 2, what is 1010000100100000100000 - -100?
1010000100100000100100
In base 11, what is -14 - 46a933a?
-46a9353
In base 10, what is 174078 + -61?
174017
In base 5, what is -24443 + 2420231?
2340233
In base 2, what is 110 - -10111101010001010101001?
10111101010001010101111
In base 9, what is 2 - 17361413?
-17361411
In base 10, what is -2 + -48930731?
-48930733
In base 5, what is -122 - 3401401?
-3402023
In base 12, what is -2 + 34364745?
34364743
In base 15, what is -5 - 109b07ee?
-109b0804
In base 11, what is -5 - 17337a48?
-17337a52
In base 7, what is 2351221 - -340?
2351561
In base 5, what is -220141 - -10222?
-204414
In base 4, what is -1001 + 303112?
302111
In base 4, what is 3203231221001 - 3?
3203231220332
In base 10, what is 8816379 - 0?
8816379
In base 15, what is -3976800d - 4?
-39768012
In base 16, what is 25f8 - -40f?
2a07
In base 13, what is 18a2a4 + 13?
18a2b7
In base 5, what is 41202240 - -2040?
41204330
In base 13, what is 3c00 + 211b?
601b
In base 3, what is 1221100122122 - -1010?
1221100200202
In base 5, what is -120031120320 - -10?
-120031120310
In base 4, what is 1213033 - -32311?
1312010
In base 4, what is -221332010131 + -2?
-221332010133
In base 13, what is -61091 + 11?
-61080
In base 14, what is 6c28 + 9c4?
780c
In base 7, what is 56424243 - 60?
56424153
In base 14, what is -15b6 - 20c?
-17c4
In base 7, what is 154 - 13433465?
-13433311
In base 13, what is 5bb9c3 - 1c1?
5bb802
In base 11, what is -21725 - -374?
-21361
In base 16, what is 3f - -c4984?
c49c3
In base 16, what is 2525 + 1897?
3dbc
In base 5, what is -33 + 2324044333?
2324044300
In base 13, what is 151bab6 - 10?
151baa6
In base 16, what is 4ded1f - -5?
4ded24
In base 15, what is -2 - 3db21?
-3db23
In base 6, what is -14 + 3202112153?
3202112135
In base 5, what is -113232202 - 2?
-113232204
In base 8, what is -677667 - -2056?
-675611
In base 4, what is -3321332102022 + 2?
-3321332102020
In base 6, what is 143022 - 220051?
-33025
In base 10, what is -24 + -5472852?
-5472876
In base 12, what is -28990 - 41?
-28a11
In base 4, what is 1310121330231 + 2?
1310121330233
In base 6, what is -15553 + 300555?
241002
In base 16, what is 1f7d1f - fc?
1f7c23
In base 12, what is 95421 - 2a?
95